Is 3651195 a multiple of 54?
False
Is 552 a factor of 8127648?
True
Is 21 a factor of 22290?
False
Is 62708 a multiple of 5?
False
Is 368745 a multiple of 93?
True
Is 372120 a multiple of 56?
True
Does 36 divide 3888?
True
Does 251 divide 337093?
True
Is 8 a factor of 461618?
False
Is 7 a factor of 33708?
False
Does 10 divide 11340?
True
Does 4 divide 1007407?
False
Is 2588130 a multiple of 965?
True
Is 36856 a multiple of 17?
True
Does 26 divide 358202?
True
Does 64 divide 395473?
False
Is 27 a factor of 23037?
False
Is 67 a factor of 511765?
False
Is 191264 a multiple of 43?
True
Is 656329 a multiple of 13?
False
Is 135677 a multiple of 51?
False
Does 36 divide 587736?
True
Is 41223 a multiple of 21?
True
Is 67 a factor of 2579098?
True
Is 120 a factor of 84000?
True
Does 9 divide 802787?
False
Does 8 divide 26174?
False
Does 169 divide 174070?
True
Does 17 divide 2148455?
False
Is 54793 a multiple of 279?
False
Is 14 a factor of 434000?
True
Is 206 a factor of 4585304?
False
Is 14 a factor of 57179?
False
Does 4 divide 122328?
True
Does 7 divide 625835?
True
Does 12 divide 276307?
False
Is 1809223 a multiple of 49?
False
Is 52983 a multiple of 261?
True
Is 42 a factor of 4167130?
False
Does 159 divide 968310?
True
Does 203 divide 2420369?
True
Is 20 a factor of 740672?
False
Is 546629 a multiple of 744?
False
Does 18 divide 173355?
False
Does 109 divide 8611?
True
Is 7 a factor of 5894945?
True
Is 1150129 a multiple of 28?
False
Does 116 divide 63452?
True
Does 146 divide 12987430?
True
Is 171808 a multiple of 28?
True
Is 897120 a multiple of 28?
True
Does 67 divide 284081?
False
Is 13 a factor of 1940943?
False
Is 374 a factor of 261624?
False
Does 23 divide 47548?
False
Is 3878612 a multiple of 113?
True
Is 17 a factor of 6255643?
True
Is 55 a factor of 722649?
False
Is 7065071 a multiple of 299?
True
Does 28 divide 33617?
False
Is 8895149 a multiple of 163?
False
Is 1810110 a multiple of 38?
False
Does 13 divide 3476915?
True
Is 2622064 a multiple of 1871?
False
Is 3585300 a multiple of 150?
True
Is 544 a factor of 551616?
True
Is 3422175 a multiple of 1329?
True
Does 217 divide 2199940?
False
Is 13 a factor of 3333369?
True
Is 8775897 a multiple of 39?
True
Does 17 divide 4103455?
False
Is 59766 a multiple of 21?
True
Is 17 a factor of 537643?
False
Is 178 a factor of 128620?
False
Does 284 divide 2223598?
False
Is 122375 a multiple of 9?
False
Is 3193141 a multiple of 498?
False
Is 613830 a multiple of 42?
True
Does 23 divide 148483?
False
Is 1216842 a multiple of 22?
True
Is 124 a factor of 2126927?
False
Does 14 divide 149279?
False
Is 30 a factor of 98760?
True
Does 20 divide 128646?
False
Is 9 a factor of 21765852?
True
Is 84 a factor of 5299980?
True
Is 350 a factor of 3677800?
True
Does 57 divide 210817?
False
Is 323 a factor of 16580559?
True
Is 150810 a multiple of 306?
False
Does 47 divide 10119859?
False
Is 476 a factor of 1254736?
True
Is 77 a factor of 300086?
False
Is 37 a factor of 20540?
False
Is 432771 a multiple of 15?
False
Is 1175598 a multiple of 813?
True
Does 13 divide 53703?
True
Does 198 divide 303336?
True
Does 115 divide 5290?
True
Is 14 a factor of 82418?
True
Is 34 a factor of 24273715?
False
Does 15 divide 777525?
True
Is 42 a factor of 19397?
False
Is 119 a factor of 193752?
False
Is 117 a factor of 95706?
True
Is 86112 a multiple of 552?
True
Is 334 a factor of 664766?
False
Is 285 a factor of 1297605?
True
Is 55 a factor of 1410200?
True
Is 165 a factor of 10805210?
False
Is 19259540 a multiple of 380?
True
Does 631 divide 5041059?
True
Is 1049 a factor of 19166279?
True
Is 40 a factor of 3751480?
True
Does 15 divide 124800?
True
Does 136 divide 213066?
False
Does 22 divide 35976?
False
Is 34 a factor of 137020?
True
Is 41392 a multiple of 13?
True
Is 326751 a multiple of 27?
False
Is 803094 a multiple of 137?
True
Is 11193 a multiple of 74?
False
Is 805 a factor of 4900035?
True
Is 394 a factor of 2437812?
False
Is 23 a factor of 1596144?
False
Is 45 a factor of 19031?
False
Is 417455 even?
False
Does 18 divide 612817?
False
Does 12 divide 1530588?
True
Does 20 divide 14709?
False
Does 111 divide 10783983?
True
Does 114 divide 19463?
False
Does 8 divide 207568?
True
Does 66 divide 21516?
True
Is 4 a factor of 26550?
False
Is 15 a factor of 6062475?
True
Is 2055445 a multiple of 47?
False
Is 2691927 a multiple of 63?
True
Is 20 a factor of 5351538?
False
Does 39 divide 890790?
False
Is 203794 a multiple of 346?
True
Is 98 a factor of 992976?
False
Is 93310 a multiple of 310?
True
Is 9775375 a multiple of 25?
True
Does 150 divide 1886231?
False
Does 23 divide 192618?
False
Does 55 divide 422620?
True
Is 21 a factor of 263592?
True
Is 279337 a multiple of 61?
False
Is 3666158 a multiple of 89?
False
Is 94269 a multiple of 67?
True
Is 277 a factor of 115729?
False
Does 99 divide 675454?
False
Does 61 divide 19376772?
True
Does 11 divide 147224?
True
Is 3736 a multiple of 6?
False
Is 1357722 a multiple of 493?
True
Is 328 a factor of 305618?
False
Is 596 a factor of 1933530?
False
Is 73 a factor of 6321362?
True
Is 413107 a multiple of 473?
False
Is 82 a factor of 10596450?
True
Is 71 a factor of 13980397?
True
Is 17 a factor of 56083?
True
Is 159 a factor of 275865?
True
Does 393 divide 15512408?
False
Is 605653 a multiple of 191?
False
Is 186590 a multiple of 235?
True
Is 1510681 a multiple of 256?
False
Is 746271 a multiple of 293?
True
Does 416 divide 680418?
False
Does 84 divide 139860?
True
Is 159 a factor of 2106432?
True
Does 570 divide 26790?
True
Does 16 divide 1174677?
False
Does 20 divide 1920417?
False
Is 685485 a multiple of 15?
True
Does 387 divide 2310217?
False
Is 7186855 a multiple of 5?
True
Is 56419 a multiple of 100?
False
Is 487970 a multiple of 5?
True
Is 954 a factor of 18937854?
True
Is 12 a factor of 13368?
True
Is 893496 a multiple of 1262?
True
Does 91 divide 613886?
True
Is 332865 a multiple of 585?
True
Is 27 a factor of 171373?
False
Does 11 divide 246451?
False
Is 13243 a multiple of 41?
True
Does 8 divide 49602?
False
Is 22095 a multiple of 28?
False
Is 124092 a multiple of 766?
True
Is 117 a factor of 81382?
False
Is 321908 a multiple of 539?
False
Does 6 divide 84563?
False
Is 256 a factor of 1179136?
True
Does 8 divide 25049?
False
Does 8 divide 156737?
False
Is 2063562 a multiple of 6?
True
Is 241304 a multiple of 81?
False
Does 29 divide 1585164?
False
Does 81 divide 1898032?
False
Is 21468758 a multiple of 612?
False
Does 136 divide 2524326?
False
Is 58792 a multiple of 16?
False
Does 113 divide 1626000?
False
Is 5963804 a multiple of 289?
True
Is 176 a factor of 18304?
True
Is 216 a factor of 2968488?
True
Is 221 a factor of 2564926?
True
Does 68 divide 1273640?
True
Is 27213 a multiple of 48?
False
Is 489599 a multiple of 8?
False
Does 34 divide 1146399?
False
Is 881499 a multiple of 131?
True
Does 42 divide 11271954?
False
Is 12 a factor of 1537435?
False
Does 4 divide 51402?
False
Is 1236156 a multiple of 52?
False
Is 548626 a multiple of 13?
True
Does 52 divide 2125072?
False
Is 419 a factor of 4402014?
True
Is 322567 a multiple of 6?
False
Is 68 a factor of 78064?
True
Is 51 a factor of 375827?
False
Does 95 divide 91134?
False
Does 12 divide 448692?
True
Does 11 divide 173075?
False
Is 1419 a factor of 11312268?
True
Does 8 divide 142448?
True
Does 66 divide 28130520?
True
Is 223 a factor of 448453?
True
Is 47 a factor of 165346?
True
Does 19 divide 442016?
True
Is 720600 a multiple of 67?
False
Is 47 a factor of 57340?
True
Does 373 divide 86687?
False
Is 3 a factor of 51162?
True
Does 35 divide 5198593?
False
Does 67 divide 386708?
False
Is 9 a factor of 79803?
True
Is 6220784 a multiple of 397?
False
Does 459 divide 258206?
False
Is 13 a factor of 1214531?
False
Does 1324 divide 12229553?
False
Is 97 a factor of 403809?
False
Does 68 divide 1879017?
False
Is 2303850 a multiple of 30?
True
Does 146 divide 47888?
True
Is 9171 a multiple of 50?
False
Does 55 divide 11440?
True
Is 192 a factor of 217152?
True
Is 92069 a multiple of 62?
False
Is 3 a factor of 49110?
True
Does 406 divide 768522?
False
Is 31 a factor of 45237?
False
Is 1143 a multiple of 10?
False
Is 102 a factor of 108018?
True
Does 1720 divide 560720?
True
Is 312104 a multiple of 175?
False
Is